 Is 10 a factor of k?
False
Let v(a) = -a**3 + 5*a**2 - 3*a + 8. Let h be v(4). Suppose -h = 4*t, -48 = -3*m + 2*m - 2*t. Is 15 a factor of m?
False
Suppose 2*g + 4*r = 3492, -39*r = 4*g - 35*r - 6976. Is 26 a factor of g?
True
Let x = -91 - -95. Suppose 0 = 2*r + x, 0 = 4*u + 4*r - 29 - 87. Is u a multiple of 11?
False
Let k = 15 + -32. Let g(w) = 2*w + 38. Let a be g(k). Suppose 5*v - 50 = -0*v + 3*h, -a*v - h = -57. Is 2 a factor of v?
False
Does 23 divide 24/42 - (-42922)/77?
False
Let z(k) = 4*k - 47. Let l(s) = 7*s - 93. Let n(q) = -3*l(q) + 5*z(q). Let i(m) = 3*m - 88. Let r(y) = 2*i(y) + 5*n(y). Is r(0) a multiple of 19?
False
Let l(t) = -230*t + 552. Is l(-8) a multiple of 13?
True
Let s(r) = -r**3 - 22*r**2 - 42*r + 56. Is s(-21) a multiple of 14?
False
Let c(a) = -a**3 + 9*a**2 + 30*a + 2. Is c(9) a multiple of 55?
False
Suppose -z + 5*z - 3*i = 6, 4*z = 2*i + 8. Suppose 265 = 4*b + z*t, -75 = -b + t - 0*t. Does 5 divide 8/(-14) + 600/b?
False
Let w(n) = -n + 2. Let g be w(2). Suppose g = -i - 0*i. Suppose i = 2*s + 2*s - 188. Is s a multiple of 12?
False
Let p be (-1)/3 + (-30)/(-9). Does 4 divide (-2)/(-6) + 1/(p/50)?
False
Suppose -3*j + j + 304 = 0. Let o be j/6 - (-2)/(-6). Let v = 5 + o. Does 18 divide v?
False
Suppose 0 = 3*c - 4 - 11, 1360 = 5*r - 3*c. Is (-2 - -2) + 0 + r a multiple of 25?
True
Does 13 divide -1 - ((-6)/4 - (-294)/(-4))?
False
Suppose 5*c - 293 = 2. Suppose -34*s = -35*s + c. Is s a multiple of 43?
False
Suppose 0 = 5*p - 15, -94 = -5*g - 3*p + 5. Is 7 a factor of g?
False
Let d(w) = w. Let m(c) = c**2 - c. Let t(p) = -4*d(p) - m(p). Let r be t(-3). Let i(g) = -g + 36. Does 8 divide i(r)?
False
Let d(n) = -5*n - 27. Suppose 25 - 175 = 6*f. Does 5 divide d(f)?
False
Let a be (-2)/6 + (-170)/(-51). Suppose 5*y - 252 = a*y. Does 21 divide y?
True
Suppose -142*i = -147*i + 910. Does 44 divide i?
False
Is 9 a factor of 3*1/(-9)*-123?
False
Suppose -c - 9 = -4*c - 3*f, 19 = 5*c + f. Suppose 368 = c*x - 48. Does 18 divide x?
False
Suppose -144*o + 122*o + 54978 = 0. Is 17 a factor of o?
True
Let k = -297 - -433. Does 7 divide k?
False
Let k(a) = a**2 - 4*a - 12. Let m be k(6). Let o(l) = -3*l + 904. Let z be o(m). Is z/32 + (-1)/4 a multiple of 14?
True
Suppose -3*q + 52 = -4*l - 40, -2*q + 8 = 0. Let n be 12/15*l/(-8). Suppose 2*k - 7*k + g + 296 = 0, 2*k = -n*g + 128. Is k a multiple of 15?
True
Suppose 0 = t - 76 - 158. Is t a multiple of 39?
True
Let g(j) = -3*j + 15. Suppose a + f = -3, 0*a + 4*f = 3*a - 5. Let q be 1/(1/7*a). Is 12 a factor of g(q)?
True
Suppose -4*l + 8 = 2*t, -t + 2 + 2 = l. Suppose 2*y - 10 = 2*i - 82, -4*i - 4*y + 120 = 0. Suppose l = -v + i + 45. Does 26 divide v?
True
Suppose 89*d = 106*d - 16286. Is d a multiple of 40?
False
Let r(b) = -b**3 + 5*b**2 + 4*b. Suppose -5*w - 15 = -3*p - 59, 4*p = -w + 18. Let z be (w/3)/((-18)/(-27)). Does 10 divide r(z)?
True
Let v be (-3)/(-6)*(-56)/(-4). Let t(p) = 4*p. Is t(v) a multiple of 7?
True
Let i(d) = 4*d**2 - 3*d + 1 + 3*d - 3*d. Let y(k) = -k**2 - 11*k + 27. Let s be y(-13). Is i(s) even?
True
Suppose 7*o - 2*o + 5*i = 1015, 0 = 4*o - 3*i - 777. Let g = o - 146. Is g a multiple of 13?
True
Let b = -43 - -26. Let z be (1/2)/(b/(-1020)). Let m = z + -23. Does 5 divide m?
False
Let w = -11 + 14. Suppose 0*s = -w*s + 462. Suppose 4*v - s = -2*n, -5*n - 5 = -v + 6. Is v a multiple of 12?
True
Suppose 0 = -m - o - 4*o + 115, -2*m = -4*o - 258. Let j = -89 + m. Does 12 divide j?
True
Suppose -124*j + 20*j = -157352. Is j a multiple of 76?
False
Let b be (1 - (1 - -1))*1. Let k(f) = -19*f**3 - f**2 + f + 1. Let q be k(b). Let s = q - 8. Does 7 divide s?
False
Let j be (-3)/5 + (-16)/40. Let r be ((-6)/(j + -2))/1. Suppose -84 = -r*n + 4*o, -o = -2*n + 2*o + 85. Does 22 divide n?
True
Suppose 21*g = -24919 + 66688. Does 13 divide g?
True
Let j = 187 + -189. Suppose 3*v + 0*v = 0. Is 19 a factor of 20 + v/(j + 6)?
False
Let c(r) = -59*r - 21. Is 30 a factor of c(-9)?
True
Let o(r) = 2*r**2 + 2*r - 1. Let l = 20 - 22. Let g be o(l). Suppose 6*w = g*w + 105. Does 11 divide w?
False
Let p(a) = 23*a - 5. Let h be p(-7). Let z = h + 271. Let b = z + -64. Is 12 a factor of b?
False
Let r be 12*1*(-1)/(-3). Let i = -1 - r. Let q = -1 - i. Does 2 divide q?
True
Let r(t) = -2*t - 3. Let x be r(-3). Let o be (3 + -2)/(-3)*x. Is (-15)/(-2)*(o - -5) a multiple of 15?
True
Suppose 0 = 2*l - 7*l + 45. Is 317/4 + l/(-36) a multiple of 12?
False
Let n = 1091 + -725. Is 62 a factor of n?
False
Let l(j) = 5*j**2 + j + 2. Let a be l(0). Suppose -a*k + 4*k - 36 = 0. Does 18 divide k?
True
Let p = 36 + -10. Suppose -2*i = -p - 4. Is 3 a factor of i?
True
Let m(h) = 76*h + 82. Is m(5) a multiple of 11?
True
Suppose 5*s + 408 = 2*l, 5*s = -2*l + 3*l - 209. Suppose -f + 4*f + 4*n - l = 0, 5*f = 4*n + 353. Is 27 a factor of 1*(0 + 1 + f)?
False
Let q(l) = l + 19. Let h be q(-15). Does 6 divide 51 + 2/(h/(-6))?
True
Suppose -2 = -l - 0. Let d(s) = 3*s + l - 6*s**2 - 9*s**3 - 3*s**2 + 7*s**2. Does 15 divide d(-2)?
True
Let g(f) be the second derivative of -f**3/6 + f**2/2 + f. Let r = 23 + -32. Is g(r) a multiple of 3?
False
Let t be (36/(-54))/(1/(-24)). Let x(j) = 3*j - 43. Does 2 divide x(t)?
False
Let m = 2606 + -898. Is m a multiple of 28?
True
Let r(y) = 2*y. Let x be r(13). Suppose 2*v - x = 88. Suppose -5*j + 68 = -v. Is j a multiple of 10?
False
Let j be ((-117)/3 - 3)/(-2). Suppose j + 15 = a. Let q = -3 + a. Does 11 divide q?
True
Is -6 + 2 + 5 + 272 a multiple of 24?
False
Let b(a) = a**3 - 11*a**2 + 10*a - 10. Let d be b(10). Let g = -6 - d. Suppose -g*l + 7*l = 81. Is l a multiple of 8?
False
Let b(l) = -21*l**3 + 3*l**2 - l + 4. Is 5 a factor of b(-2)?
False
Let t = -257 - -151. Is 6 a factor of (2 - t)*-1*-1?
True
Let c be 3 + (2 - -2 - 4). Suppose -c*h - 209 + 629 = 0. Does 20 divide h?
True
Suppose -2*u - 4*o = -2308 - 310, 3*u - 3916 = 5*o. Is u a multiple of 104?
False
Let y = 15 + -15. Suppose 3*z + h - 79 = 0, y*h = 3*z - 3*h - 75. Does 9 divide z?
False
Let g be (-50)/(-16) - (-4)/(-32). Suppose g*u + 11 - 32 = 0. Is 2 a factor of u?
False
Suppose 5*b + 16*u = 11*u + 2615, -2*b + 5*u = -1060. Does 29 divide b?
False
Does 6 divide (-1 + 20/4 + -3)*168?
True
Let p(m) = m**2 - m + 3. Let o be p(4). Let s = o - -55. Suppose -r + s = r. Is r a multiple of 7?
True
Suppose 0*y = 4*y + 20. Let r = y + 26. Is r a multiple of 6?
False
Is 81 a factor of ((-8)/(-8 + 6))/((-12)/(-4749))?
False
Let v(g) = 4*g**2 + 2*g - 7. Let o(h) = h**3 - 22*h**2 - 2*h + 48. Let p be o(22). Is 5 a factor of v(p)?
True
Let b = -138 + 140. Suppose b*n - 64 = 264. Does 21 divide n?
False
Let n(s) = -s**3 + 3*s**2 + 4*s + 73. Does 56 divide n(0)?
False
Suppose -7*f = -3*f. Let u(z) = z**2 + 4*z - 1. Let o be u(-6). Suppose -a + o = -f*a. Does 7 divide a?
False
Suppose 9*h + 1262 = 335. Let s = h - -236. Does 19 divide s?
True
Let y = -41 - -51. Suppose 3*x - 43 = -4*p + 35, 4*p = 4*x - 76. Let o = x - y. Does 4 divide o?
True
Let i(x) = x**2 + 14*x + 133. Is 20 a factor of i(-11)?
True
Let q(o) = 10*o**2 + o - 4. Let y be q(-2). Let a = y + 30. Is a a multiple of 8?
True
Let m(v) be the first derivative of v**3/3 - 3*v**2 + v - 11. Does 4 divide m(8)?
False
Suppose -24*k + 21580 = -4*k. Is k a multiple of 16?
False
Suppose 0 = -3*c + 7*c - 36. Let s = -7 + c. Suppose -25 = -s*t + 23. Is t a multiple of 7?
False
Suppose -115*i = -119*i + 3164. Is 39 a factor of i?
False
Let x = 136 - 137. Does 3 divide (-1)/(x*1/87)?
True
Let a(n) be the second derivative of n**4/12 - n**3/3 - 10*n**2 + 24*n. Suppose 5*t = -2*x + 37, -2*t - 28 - 21 = -5*x. Is 16 a factor of a(x)?
False
Let i = 10 + -8. Let g = i + 4. Let y(f) = -f**3 + 5*f**2 + 10*f - 7. Is 17 a factor of y(g)?
True
Suppose 754 = 26*y - 10426. Is y a multiple of 43?
True
Is 23 a factor of 401*(5/7 - 20/(-70))?
False
Let b(g) = -11*g + 9. Let h be b(-16). Let a = h - 134. Is 3 a factor of a?
True
Let j(z) = 20*z**2 + 6*z + 6. Does 6 divide j(-4)?
False
Let x be (-2)/4 + 110/20. Let h(f) = 12*f**2 - 3*f**2 + f**3 + 0 + x*f - 2. Is 20 a factor of h(-5)?
False
Suppose 0 = 2*p - 6*p + 220. Does 17 divide (3 + -3 + 1)*p?
False
Let u be 16 + -14 + (0 - -305). Suppose u - 22 = 5*h. Is 17 a factor of h?
False
Let q(o) = o + 11. Let m be q(-7